{"id":7,"date":"2017-02-22T09:19:18","date_gmt":"2017-02-22T08:19:18","guid":{"rendered":"http:\/\/incidence-revue.fr\/?page_id=7"},"modified":"2025-01-11T18:37:10","modified_gmt":"2025-01-11T17:37:10","slug":"accueil","status":"publish","type":"page","link":"https:\/\/incidence-revue.fr\/","title":{"rendered":"Accueil"},"content":{"rendered":"<h2 style=\"text-align: left;\">\u00c0 la une<\/h2>\n<h4><strong>La revue\u00a0<em>Incidence<\/em> est l&rsquo;heureuse laur\u00e9ate du <\/strong><a href=\"https:\/\/prixwb.hypotheses.org\">Prix sp\u00e9cial Walter Benjamin 2024<\/a><strong> pour son n\u00b0 17 <em>Un r\u00eave de langage. Vers une anthropologie benjaminienne<\/em> (Paris, Kim\u00e9, automne 2023).<\/strong><\/h4>\n<p style=\"text-align: left;\">Nous avons le plaisir de vous inviter \u00e0 la soir\u00e9e virtuelle de remise du Prix Walter Benjamin 2024<\/p>\n<h4 style=\"text-align: center;\"><span style=\"text-decoration: underline;\"><strong>Le 18 janvier 2025 \u00e0 18h via Zoom<\/strong><\/span><\/h4>\n<p style=\"text-align: left;\">En pr\u00e9sence des laur\u00e9ats,<\/p>\n<p style=\"text-align: left;\">Auteurs &amp; autrices (Catherine Coquio, Marianne Dautrey, Jeanne Marie Gagnebin, Patricia Lavelle &amp; Marc Sagnol)<\/p>\n<p style=\"text-align: left;\">Soir\u00e9e sur inscription si vous n\u2019\u00eates pas adh\u00e9rent de l\u2019APWB.<\/p>\n<p style=\"text-align: left;\">Contact : <a href=\"mailto:PrixWalterBenjamin@icloud.com\">PrixWalterBenjamin@icloud.com<\/a><\/p>\n<h5><\/h5>\n<p><a href=\"http:\/\/incidence-revue.fr\/wp-content\/uploads\/2023\/09\/Flyer_Incidence_17.pdf\"><br \/>\n<img title=\"\" src=\"http:\/\/incidence-revue.fr\/wp-content\/uploads\/2023\/09\/Cover_Incidence17-copie.pdf\" alt=\"\" \/> <\/a><\/p>\n<p style=\"text-align: center;\">\n<p>ISSN de la revue: 1777-2656 | ISBN du num\u00e9ro 17: 978-2-38072-115-7<\/p>\n<p>Vous pouvez t\u00e9l\u00e9charger le sommaire sur ce lien : <a style=\"font-family: var( --e-global-typography-text-font-family ), Sans-serif; font-size: 1rem;\" href=\"http:\/\/incidence-revue.fr\/wp-content\/uploads\/2023\/09\/Flyer_Incidence_17.pdf\">Sommaire Inci<em>dence<\/em> 17<\/a><\/p>\n<h2>Nos num\u00e9ros<\/h2>\n<figure><a href=\"http:\/\/incidence-revue.fr\/index.php\/2023\/09\/26\/sommaire-du-nouveau-numero-16-de-la-revue-incidence-nos-mots-et-les-leurs-autour-dun-texte-de-carlo-ginzburg\/\"><br \/>\n<img title=\"Cover_Incidence16\" src=\"http:\/\/incidence-revue.fr\/wp-content\/uploads\/elementor\/thumbs\/Cover_Incidence16-pnjdf214g96yqh97vh0yfmxf1zey9mzpivijvahtmm.jpg\" alt=\"Cover_Incidence16\" \/> <\/a><figcaption>Incidence 16<\/figcaption><\/figure>\n<figure><a href=\"http:\/\/incidence-revue.fr\/index.php\/2019\/07\/15\/prochainement-le-nouveau-numero-15-de-la-revue-incidence\/\"><br \/>\n<img title=\"incidence_15\" src=\"http:\/\/incidence-revue.fr\/wp-content\/uploads\/elementor\/thumbs\/41yf4CyleML._SX305_BO1204203200_-piwd4zkonwbhlnfpj74u41eexqtimazfi3ohaoivi8.jpg\" alt=\"Incidence 15\" \/> <\/a><figcaption>Incidence 15<\/figcaption><\/figure>\n<figure><a href=\"http:\/\/incidence-revue.fr\/index.php\/2018\/10\/18\/incidence-13-14\/\"><br \/>\n<img title=\"Capture du 2018-10-18 08-00-56\" src=\"http:\/\/incidence-revue.fr\/wp-content\/uploads\/elementor\/thumbs\/Capture-du-2018-10-18-08-00-56-nxqn3iionn6zygzlt4q614c6an9sng898q0ewcaofy.png\" alt=\"Incidence 13\/14\" \/> <\/a><figcaption>Incidence 13\/14<\/figcaption><\/figure>\n<figure><a href=\"http:\/\/incidence-revue.fr\/index.php\/2017\/02\/24\/incidence-12\/\"><br \/>\n<img title=\"Couv_Incidence12\" src=\"http:\/\/incidence-revue.fr\/wp-content\/uploads\/elementor\/thumbs\/Couv_Incidence12-n4pdps694cvtxexcidgjps3lbwszbtxo3h2wqyth6m.png\" alt=\"Incidence 12\" \/> <\/a><figcaption>Incidence 12<\/figcaption><\/figure>\n<figure><a href=\"http:\/\/incidence-revue.fr\/index.php\/2017\/02\/24\/incidence-11\/\"><br \/>\n<img title=\"incidence11photo\" src=\"http:\/\/incidence-revue.fr\/wp-content\/uploads\/elementor\/thumbs\/incidence11photo-n4po9iyy6sq4e3br2iqj1ybkzx3d1phsb18sjbrnem.jpeg\" alt=\"Incidence 11\" \/> <\/a><figcaption>Incidence 11<\/figcaption><\/figure>\n<figure><a href=\"http:\/\/incidence-revue.fr\/index.php\/2017\/02\/24\/incidence-10\/\"><br \/>\n<img title=\"incidence-10-couverture_pdf-imprimeur\" src=\"http:\/\/incidence-revue.fr\/wp-content\/uploads\/elementor\/thumbs\/incidence-10-couverture_pdf-imprimeur-n4pknafz96fvr4i3k83fktgdxz0ijggnqf6ur4vdj2.jpg\" alt=\"Incidence 10\" \/> <\/a><figcaption>Incidence 10<\/figcaption><\/figure>\n<figure><a href=\"http:\/\/incidence-revue.fr\/index.php\/2017\/02\/24\/incidence-9\/\"><br \/>\n<img title=\"exe_incidence-9\" src=\"http:\/\/incidence-revue.fr\/wp-content\/uploads\/elementor\/thumbs\/exe_incidence-9-n4poehka9bilo04c3nxn7p95v4n3o76sbl71pweuke.jpg\" alt=\"Incidence 9\" \/> <\/a><figcaption>Incidence 9<\/figcaption><\/figure>\n<figure><a href=\"http:\/\/incidence-revue.fr\/index.php\/2017\/02\/24\/incidence-8\/\"><br \/>\n<img title=\"incidence-8\" src=\"http:\/\/incidence-revue.fr\/wp-content\/uploads\/elementor\/thumbs\/exe_incidence-8_24-09-n4pogh00oq8e6d8kiitah7870euzx72dxery6xgxfi.jpg\" alt=\"Incidence 8\" \/> <\/a><figcaption>Incidence 8<\/figcaption><\/figure>\n<figure><a href=\"http:\/\/incidence-revue.fr\/index.php\/2017\/02\/24\/incidence-7\/\"><br \/>\n<img title=\"exe_incidence-7\" src=\"http:\/\/incidence-revue.fr\/wp-content\/uploads\/elementor\/thumbs\/exe_incidence-7-n4poin0mfz76y038uyjbq5jgbe6go2o3w4x90w9932.jpg\" alt=\"Incidence 7\" \/> <\/a><figcaption>Incidence 7<\/figcaption><\/figure>\n<figure><a href=\"http:\/\/incidence-revue.fr\/index.php\/2017\/02\/24\/incidence-6\/\"><br \/>\n<img title=\"exe_incidence-6\" src=\"http:\/\/incidence-revue.fr\/wp-content\/uploads\/elementor\/thumbs\/exe_incidence-6-n4pokvuqrq9uogttqxh8ol53ej4121l0v910aoxe7y.jpg\" alt=\"Incidence 6\" \/> <\/a><figcaption>Incidence 6<\/figcaption><\/figure>\n<figure><a href=\"http:\/\/incidence-revue.fr\/index.php\/2017\/02\/24\/incidence-4-5\/\"><br \/>\n<img title=\"exe_incidence\" src=\"http:\/\/incidence-revue.fr\/wp-content\/uploads\/elementor\/thumbs\/exe_incidence-n4ponisfxzvt92zxckik6f6neg43nh1wwax1rn0mri.jpg\" alt=\"Incidence 4\/5\" \/> <\/a><figcaption>Incidence 4\/5<\/figcaption><\/figure>\n<figure><a href=\"http:\/\/incidence-revue.fr\/index.php\/2017\/02\/24\/incidence-3\/\"><br \/>\n<img title=\"exe_incidence-3\" src=\"http:\/\/incidence-revue.fr\/wp-content\/uploads\/elementor\/thumbs\/exe_incidence-3-n4popi86dellrg45rfe7fx5ojqbzwgxii4hy8o2pmm.jpg\" alt=\"exe_incidence-3\" \/> <\/a><figcaption>Incidence 3<\/figcaption><\/figure>\n<figure><a href=\"http:\/\/incidence-revue.fr\/index.php\/2017\/02\/24\/incidence-2\/\"><br \/>\n<img title=\"exe_incidence-2\" src=\"http:\/\/incidence-revue.fr\/wp-content\/uploads\/elementor\/thumbs\/exe_incidence-2-n4porfs8f58tmlb4h9glkflsi8t5q2lnforvr57ku6.jpg\" alt=\"Incidence 2\" \/> <\/a><figcaption>Incidence 2<\/figcaption><\/figure>\n<figure><a href=\"http:\/\/incidence-revue.fr\/index.php\/2017\/02\/24\/116\/\"><br \/>\n<img title=\"exe_incidence-1\" src=\"http:\/\/incidence-revue.fr\/wp-content\/uploads\/elementor\/thumbs\/exe_incidence-1-n4pl0ua7s6zp4qthfkyt0wcm8y80id9clhrutqs1tq.jpg\" alt=\"Incidence 1\" \/> <\/a><figcaption>Incidence 1<\/figcaption><\/figure>\n","protected":false},"excerpt":{"rendered":"<p>\u00c0 la une La revue\u00a0Incidence est l&rsquo;heureuse laur\u00e9ate du Prix sp\u00e9cial Walter Benjamin 2024 pour son n\u00b0 17 Un r\u00eave de langage. Vers une anthropologie benjaminienne (Paris, Kim\u00e9, automne 2023). Nous avons le plaisir de vous inviter \u00e0 la soir\u00e9e virtuelle de remise du Prix Walter Benjamin 2024 Le 18 janvier 2025 \u00e0 18h via [&hellip;]<\/p>\n","protected":false},"author":1,"featured_media":0,"parent":0,"menu_order":0,"comment_status":"closed","ping_status":"closed","template":"","meta":[],"acf":[],"yoast_head":"<!-- This site is optimized with the Yoast SEO plugin v18.5.1 - https:\/\/yoast.com\/wordpress\/plugins\/seo\/ -->\n<title>Accueil - INCIDENCE<\/title>\n<meta name=\"description\" content=\"La revue Incidence a le plaisir de vous annoncer la parution de son nouveau num\u00e9ro : Nos mots et les leurs. Autour d\u2019un texte de Carlo Ginzburg.\" \/>\n<meta name=\"robots\" content=\"index, follow, max-snippet:-1, max-image-preview:large, max-video-preview:-1\" \/>\n<link rel=\"canonical\" href=\"https:\/\/incidence-revue.fr\/\" \/>\n<meta property=\"og:locale\" content=\"fr_FR\" \/>\n<meta property=\"og:type\" content=\"article\" \/>\n<meta property=\"og:title\" content=\"Accueil - INCIDENCE\" \/>\n<meta property=\"og:description\" content=\"La revue Incidence a le plaisir de vous annoncer la parution de son nouveau num\u00e9ro : Nos mots et les leurs. Autour d\u2019un texte de Carlo Ginzburg.\" \/>\n<meta property=\"og:url\" content=\"https:\/\/incidence-revue.fr\/\" \/>\n<meta property=\"og:site_name\" content=\"INCIDENCE\" \/>\n<meta property=\"article:modified_time\" content=\"2025-01-11T17:37:10+00:00\" \/>\n<meta property=\"og:image\" content=\"http:\/\/incidence-revue.fr\/wp-content\/uploads\/2023\/09\/Cover_Incidence17-copie.pdf\" \/>\n<meta name=\"twitter:card\" content=\"summary_large_image\" \/>\n<meta name=\"twitter:label1\" content=\"Dur\u00e9e de lecture estim\u00e9e\" \/>\n\t<meta name=\"twitter:data1\" content=\"4 minutes\" \/>\n<script type=\"application\/ld+json\" class=\"yoast-schema-graph\">{\"@context\":\"https:\/\/schema.org\",\"@graph\":[{\"@type\":\"Organization\",\"@id\":\"https:\/\/incidence-revue.fr\/#organization\",\"name\":\"Revue Incidence\",\"url\":\"https:\/\/incidence-revue.fr\/\",\"sameAs\":[],\"logo\":{\"@type\":\"ImageObject\",\"@id\":\"https:\/\/incidence-revue.fr\/#logo\",\"inLanguage\":\"fr-FR\",\"url\":\"http:\/\/incidence-revue.fr\/wp-content\/uploads\/2020\/12\/Logo-1-noir-1.jpg\",\"contentUrl\":\"http:\/\/incidence-revue.fr\/wp-content\/uploads\/2020\/12\/Logo-1-noir-1.jpg\",\"width\":233,\"height\":210,\"caption\":\"Revue Incidence\"},\"image\":{\"@id\":\"https:\/\/incidence-revue.fr\/#logo\"}},{\"@type\":\"WebSite\",\"@id\":\"https:\/\/incidence-revue.fr\/#website\",\"url\":\"https:\/\/incidence-revue.fr\/\",\"name\":\"INCIDENCE\",\"description\":\"PHILOSOPHIE, LITT\u00c9RATURE, SCIENCES HUMAINES ET SOCIALES\",\"publisher\":{\"@id\":\"https:\/\/incidence-revue.fr\/#organization\"},\"potentialAction\":[{\"@type\":\"SearchAction\",\"target\":{\"@type\":\"EntryPoint\",\"urlTemplate\":\"https:\/\/incidence-revue.fr\/?s={search_term_string}\"},\"query-input\":\"required name=search_term_string\"}],\"inLanguage\":\"fr-FR\"},{\"@type\":\"ImageObject\",\"@id\":\"https:\/\/incidence-revue.fr\/#primaryimage\",\"inLanguage\":\"fr-FR\",\"url\":\"https:\/\/incidence-revue.fr\/wp-content\/uploads\/2023\/09\/Cover_Incidence17-copie-pdf.jpg\",\"contentUrl\":\"https:\/\/incidence-revue.fr\/wp-content\/uploads\/2023\/09\/Cover_Incidence17-copie-pdf.jpg\"},{\"@type\":\"WebPage\",\"@id\":\"https:\/\/incidence-revue.fr\/#webpage\",\"url\":\"https:\/\/incidence-revue.fr\/\",\"name\":\"Accueil - INCIDENCE\",\"isPartOf\":{\"@id\":\"https:\/\/incidence-revue.fr\/#website\"},\"primaryImageOfPage\":{\"@id\":\"https:\/\/incidence-revue.fr\/#primaryimage\"},\"datePublished\":\"2017-02-22T08:19:18+00:00\",\"dateModified\":\"2025-01-11T17:37:10+00:00\",\"description\":\"La revue Incidence a le plaisir de vous annoncer la parution de son nouveau num\u00e9ro : Nos mots et les leurs. Autour d\u2019un texte de Carlo Ginzburg.\",\"breadcrumb\":{\"@id\":\"https:\/\/incidence-revue.fr\/#breadcrumb\"},\"inLanguage\":\"fr-FR\",\"potentialAction\":[{\"@type\":\"ReadAction\",\"target\":[\"https:\/\/incidence-revue.fr\/\"]}]},{\"@type\":\"BreadcrumbList\",\"@id\":\"https:\/\/incidence-revue.fr\/#breadcrumb\",\"itemListElement\":[{\"@type\":\"ListItem\",\"position\":1,\"name\":\"Home\",\"item\":\"https:\/\/incidence-revue.fr\/\"},{\"@type\":\"ListItem\",\"position\":2,\"name\":\"Accueil\"}]}]}<\/script>\n<!-- \/ Yoast SEO plugin. -->","yoast_head_json":{"title":"Accueil - INCIDENCE","description":"La revue Incidence a le plaisir de vous annoncer la parution de son nouveau num\u00e9ro : Nos mots et les leurs. Autour d\u2019un texte de Carlo Ginzburg.","robots":{"index":"index","follow":"follow","max-snippet":"max-snippet:-1","max-image-preview":"max-image-preview:large","max-video-preview":"max-video-preview:-1"},"canonical":"https:\/\/incidence-revue.fr\/","og_locale":"fr_FR","og_type":"article","og_title":"Accueil - INCIDENCE","og_description":"La revue Incidence a le plaisir de vous annoncer la parution de son nouveau num\u00e9ro : Nos mots et les leurs. Autour d\u2019un texte de Carlo Ginzburg.","og_url":"https:\/\/incidence-revue.fr\/","og_site_name":"INCIDENCE","article_modified_time":"2025-01-11T17:37:10+00:00","og_image":[{"url":"http:\/\/incidence-revue.fr\/wp-content\/uploads\/2023\/09\/Cover_Incidence17-copie.pdf"}],"twitter_card":"summary_large_image","twitter_misc":{"Dur\u00e9e de lecture estim\u00e9e":"4 minutes"},"schema":{"@context":"https:\/\/schema.org","@graph":[{"@type":"Organization","@id":"https:\/\/incidence-revue.fr\/#organization","name":"Revue Incidence","url":"https:\/\/incidence-revue.fr\/","sameAs":[],"logo":{"@type":"ImageObject","@id":"https:\/\/incidence-revue.fr\/#logo","inLanguage":"fr-FR","url":"http:\/\/incidence-revue.fr\/wp-content\/uploads\/2020\/12\/Logo-1-noir-1.jpg","contentUrl":"http:\/\/incidence-revue.fr\/wp-content\/uploads\/2020\/12\/Logo-1-noir-1.jpg","width":233,"height":210,"caption":"Revue Incidence"},"image":{"@id":"https:\/\/incidence-revue.fr\/#logo"}},{"@type":"WebSite","@id":"https:\/\/incidence-revue.fr\/#website","url":"https:\/\/incidence-revue.fr\/","name":"INCIDENCE","description":"PHILOSOPHIE, LITT\u00c9RATURE, SCIENCES HUMAINES ET SOCIALES","publisher":{"@id":"https:\/\/incidence-revue.fr\/#organization"},"potentialAction":[{"@type":"SearchAction","target":{"@type":"EntryPoint","urlTemplate":"https:\/\/incidence-revue.fr\/?s={search_term_string}"},"query-input":"required name=search_term_string"}],"inLanguage":"fr-FR"},{"@type":"ImageObject","@id":"https:\/\/incidence-revue.fr\/#primaryimage","inLanguage":"fr-FR","url":"https:\/\/incidence-revue.fr\/wp-content\/uploads\/2023\/09\/Cover_Incidence17-copie-pdf.jpg","contentUrl":"https:\/\/incidence-revue.fr\/wp-content\/uploads\/2023\/09\/Cover_Incidence17-copie-pdf.jpg"},{"@type":"WebPage","@id":"https:\/\/incidence-revue.fr\/#webpage","url":"https:\/\/incidence-revue.fr\/","name":"Accueil - INCIDENCE","isPartOf":{"@id":"https:\/\/incidence-revue.fr\/#website"},"primaryImageOfPage":{"@id":"https:\/\/incidence-revue.fr\/#primaryimage"},"datePublished":"2017-02-22T08:19:18+00:00","dateModified":"2025-01-11T17:37:10+00:00","description":"La revue Incidence a le plaisir de vous annoncer la parution de son nouveau num\u00e9ro : Nos mots et les leurs. Autour d\u2019un texte de Carlo Ginzburg.","breadcrumb":{"@id":"https:\/\/incidence-revue.fr\/#breadcrumb"},"inLanguage":"fr-FR","potentialAction":[{"@type":"ReadAction","target":["https:\/\/incidence-revue.fr\/"]}]},{"@type":"BreadcrumbList","@id":"https:\/\/incidence-revue.fr\/#breadcrumb","itemListElement":[{"@type":"ListItem","position":1,"name":"Home","item":"https:\/\/incidence-revue.fr\/"},{"@type":"ListItem","position":2,"name":"Accueil"}]}]}},"_links":{"self":[{"href":"https:\/\/incidence-revue.fr\/index.php\/wp-json\/wp\/v2\/pages\/7"}],"collection":[{"href":"https:\/\/incidence-revue.fr\/index.php\/wp-json\/wp\/v2\/pages"}],"about":[{"href":"https:\/\/incidence-revue.fr\/index.php\/wp-json\/wp\/v2\/types\/page"}],"author":[{"embeddable":true,"href":"https:\/\/incidence-revue.fr\/index.php\/wp-json\/wp\/v2\/users\/1"}],"replies":[{"embeddable":true,"href":"https:\/\/incidence-revue.fr\/index.php\/wp-json\/wp\/v2\/comments?post=7"}],"version-history":[{"count":304,"href":"https:\/\/incidence-revue.fr\/index.php\/wp-json\/wp\/v2\/pages\/7\/revisions"}],"predecessor-version":[{"id":1132,"href":"https:\/\/incidence-revue.fr\/index.php\/wp-json\/wp\/v2\/pages\/7\/revisions\/1132"}],"wp:attachment":[{"href":"https:\/\/incidence-revue.fr\/index.php\/wp-json\/wp\/v2\/media?parent=7"}],"curies":[{"name":"wp","href":"https:\/\/api.w.org\/{rel}","templated":true}]}}